{"id":15231,"date":"2023-07-14T14:59:52","date_gmt":"2023-07-14T14:59:52","guid":{"rendered":"https:\/\/easyjur.com\/blog\/?post_type=modelos-de-peticao&#038;p=3650"},"modified":"2023-07-14T14:59:52","modified_gmt":"2023-07-14T14:59:52","slug":"apelacao-civel-acao-acidentaria-reforma-da-sentenca","status":"publish","type":"modelos-de-peticao","link":"https:\/\/easyjur.com\/blog\/modelos-de-peticao\/apelacao-civel-acao-acidentaria-reforma-da-sentenca\/","title":{"rendered":"[MODELO] Apela\u00e7\u00e3o C\u00edvel  &#8211;  A\u00e7\u00e3o Acident\u00e1ria  &#8211;  Reforma da Senten\u00e7a"},"content":{"rendered":"<p>Exmo. Sr. Dr. Juiz de Direito da 46\u00aa\u00b7 Vara C\u00edvel do Rio de Janeiro. <\/p>\n<p>(Antiga 2\u00aa V.A.T.)<\/p>\n<p>N\uf0b0\u00b7 dos autos: 78.001.700.082-1<a id=\"DDE_LINK1\"><\/a><\/p>\n<p>\t, nos autos da a\u00e7\u00e3o acident\u00e1ria que  move em face do INSTITUTO NACIONAL DO SEGURO SOCIAL (INSS), atrav\u00e9s do Defensor P\u00fablico, n\u00e3o se conformando, <em>data venia <\/em>com a r. senten\u00e7a, vem dela apelar, na forma das anexas raz\u00f5es, requerendo a V. Ex. \u00aa, sejam remetidas ao Egr\u00e9gio Tribunal de Justi\u00e7a, com fulcro no art. 513 do CPC, ap\u00f3s a manifesta\u00e7\u00e3o da parte recorrida. <\/p>\n<p>\tNestes termos,<\/p>\n<p>\tpede deferimento. <\/p>\n<\/p>\n<p>\tRio de Janeiro, 21 de novembro de 2000.\t<\/p>\n<p><strong>APELA\u00c7\u00c3O  C\u00cdVEL<\/strong><\/p>\n<p>RAZ\u00d5ES PELA PARTE APELANTE GERALDO MORAES<\/p>\n<p>\tEg. C\u00e2mara:<\/p>\n<p>\tClama a parte apelante pela necess\u00e1ria repara\u00e7\u00e3o do direito, com a reforma da r. senten\u00e7a proferida no MM. Ju\u00edzo Monocr\u00e1tico <em>a quo<\/em>, conforme os fundamentos adiante aduzidos, objetivando assim, elaborar justi\u00e7a, segundo as raz\u00f5es sobre as quais n\u00e3o se fundou a decis\u00e3o de primeiro grau jurisdicional. <\/p>\n<p>\t\t\tTrata a presente, de a\u00e7\u00e3o ACIDENT\u00c1RIA que move o ora apelante em face do INSS, visando justo benef\u00edcio em compensa\u00e7\u00e3o pelas seq\u00fcelas observadas no mesmo, decorrentes de sua fun\u00e7\u00e3o laborativa.<\/p>\n<p>\tA r. senten\u00e7a (fl. 77) n\u00e3o deve prosperar pois reflete a <strong>superficialidade<\/strong> observada no <strong>exame pericial<\/strong>, principal prova da a\u00e7\u00e3o em tela, e olvida as peculiaridades do caso em quest\u00e3o.<\/p>\n<p>\tBaseia-se a defesa unicamente nos laudos produzidos pela per\u00edcia t\u00e9cnica do ju\u00edzo  <em>a quo<\/em> (fl. 66). Por\u00e9m o mesmo documento apresenta-se eivado de contradi\u00e7\u00f5es e obscuridades.<\/p>\n<p>\tApesar da precariedade do referido exame, este atesta a exist\u00eancia de seq\u00fcelas no recorrente, no entanto atribuindo tais seq\u00fcelas \u00e0 idade do apelante.<\/p>\n<p>I &#8211; DOS DANOS PERMANENTES APRESENTADOS PELO APELANTE<\/p>\n<\/p>\n<p>\tO autor sofreu les\u00f5es f\u00edsicas graves no joelho direito,  devido a contus\u00e3o de um vergalh\u00e3o, resultando <strong>grandes dificuldades apresentadas pelo recorrente para se locomover. <\/strong><\/p>\n<p>\tOs doutos Peritos signat\u00e1rios dos laudos de fls.56 e 66, opinam pela aus\u00eancia de sinais de incapacidade para o trabalho.\t<\/p>\n<p>II &#8211; VALOR PROBANTE DA PER\u00cdCIA<\/p>\n<p>\tO parecer pericial \u00e9 simples relato das <strong>impress\u00f5es<\/strong> observadas pelos Peritos acerca dos fatos sob exame. <strong>Valida-se precipuamente pelas constata\u00e7\u00f5es visuais, sem, entretanto, buscar a autoridade t\u00e9cnica advinda de um exame radiol\u00f3gico<\/strong>.<\/p>\n<p>\tAqui, devido a sua grande pertin\u00eancia, cabem as palavras da autorizada doutrina de <strong>Humberto Theodoro J\u00fanior<\/strong>: <\/p>\n<p><em>\u201cO perito \u00e9 apenas um auxiliar da justi\u00e7a e n\u00e3o um substituto do juiz na aprecia\u00e7\u00e3o do evento probando. Deve apenas apurar a exist\u00eancia de fatos cuja a certifica\u00e7\u00e3o dependa de conhecimentos t\u00e9cnicos. Seu parecer n\u00e3o \u00e9 uma senten\u00e7a, mas apenas fonte de informa\u00e7\u00e3o para o juiz, que n\u00e3o fica adstrito ao laudo e pode formar sua convic\u00e7\u00e3o de modo contr\u00e1rio a base de outros elementos ou fatos provados no processo.\u201d  (in Curso de Direito Processual Civil, 25a ed., v. I ). <\/em><\/p>\n<\/p>\n<p>\tTal entendimento encontra-se fulcrado no texto legal no artigo 436 do C\u00f3digo de Processo Civil.<\/p>\n<\/p>\n<p>\tOra, o pr\u00f3prio laudo declara a exist\u00eancia de seq\u00fcelas, limitando-se simples e injustificadamente a determinar a n\u00e3o rela\u00e7\u00e3o destas com a atividade do apelante, ou a coloc\u00e1-las como n\u00e3o incapacitantes, afirmando que a incapacidade de andar normalmente \u00e9 devido a idade (fl. 66 V). <\/p>\n<p>\t\u00c9 de se imaginar  a dificuldade de movimento pois j\u00e1 se passaram <strong>mais de 21 anos<\/strong> da data da alta do hospital ao qual o requerente foi tratado (fls. 4).<\/p>\n<p>\tAl\u00e9m disso, n\u00e3o foi aceito pelo I. Juiz o laudo pericial realizado <strong>03 anos<\/strong> ap\u00f3s o acidente, o qual afirma que <em>\u201c<\/em><strong><em>as les\u00f5es apresentadas se relacionam com o acidente de trabalho e acarretam incapacidade parcial e permanente para o trabalho<\/em><\/strong><em>\u201d(fls. 08)<\/em>, embora posteriormente inabilitado o Perito da \u00e9poca.<\/p>\n<p>\tOu seja, a per\u00edcia m\u00e9dica de fls. 08, realizada pouco tempo ap\u00f3s o acidente confirma que as les\u00f5es acident\u00e1rias e o nexo de causalidade entre o acidente de trabalho e a les\u00e3o evidente, n\u00e3o podendo ser suplantado pela realiza\u00e7\u00e3o de exame m\u00e9dico pericial 21 anos ap\u00f3s, quando as seq\u00fcelas j\u00e1 passam a ser confundidas com as conseq\u00fc\u00eancias da idade.<\/p>\n<\/p>\n<p>\tFinalmente, lembramos as palavras do douto Batista Martins:<\/p>\n<p><em>\u201cO parecer do perito \u00e9 meramente opinativo e vale pela for\u00e7a dos <\/em><strong><em>argumentos em que repousa<\/em><\/strong><em>\u201d<\/em><\/p>\n<p><em>(in Coment\u00e1rios ao C\u00f3digo de Processo Civil, 2a ed., v. III, t 2o , n. 77) <\/em><\/p>\n<p><strong>Da Necessidade de Completar-se o Exame Pericial\t<\/strong><\/p>\n<p>\tOs doutos Peritos signat\u00e1rios dos laudo de fls. 56 e 66 apesar de explicitarem a exist\u00eancia de um quadro <strong>de sintomas de sequelas traum\u00e1ticas<\/strong>, opinam pela aus\u00eancia de sinais de incapacidade para o trabalho.\t<\/p>\n<p>\tPor\u00e9m, a verdade f\u00e1tica vence o sil\u00eancio pericial.<\/p>\n<p>\tComo atestar a exist\u00eancia ou n\u00e3o de seq\u00fcelas laborativas pertinentes ao joelho da perna direita do recorrente <strong>sem a realiza\u00e7\u00e3o de exame radiol\u00f3gico<\/strong>?   <\/p>\n<p>\tEvidencia-se assim, que a completa dilig\u00eancia pericial <strong>depende do exame radiol\u00f3gico<\/strong>, resson\u00e2ncia magn\u00e9tica, cintilografia \u00f3ssea do joelho direito do trabalhador, ou outros que se fizerem necess\u00e1rios, sem os quais restar\u00e1 question\u00e1vel a conclus\u00e3o do I. Expert, fundada em meros exames cl\u00ednicos. <\/p>\n<p>\tRessalte-se que quanto ao simples exame radiol\u00f3gico, n\u00e3o representa nenhuma tecnologia recente ou de custos elevados, sendo inclusive de pr\u00e1tica corriqueira em nossos hospitais e dispon\u00edvel no setor de per\u00edcias m\u00e9dicas das antigas Varas de Acidentes de Trabalho da Comarca do Rio de Janeiro, atuais Varas Civeis.<\/p>\n<p>\tCabe lembrar que o direito a presta\u00e7\u00e3o gratuita dos servi\u00e7os judici\u00e1rios aos insuficientes de recursos, contido no inciso LXXIV do artigo 5o da Constitui\u00e7\u00e3o Federal, como <strong>garantia constitucional<\/strong> que representa, deve ser interpretada extensivamente, no sentido de oferecer-se todos os meios para a resguarda de direitos, incluindo-se os meios para a realiza\u00e7\u00e3o de uma <strong>per\u00edcia integral<\/strong>, que atenda completamente as peculiaridades da demanda.<\/p>\n<p>\tCoaduna-se tal entendimento com o disposto no inciso V do artigo 3o da Lei 1.060\/50, que inclui entre os benef\u00edcios da <strong>assist\u00eancia judici\u00e1ria<\/strong> a isen\u00e7\u00e3o dos honor\u00e1rios de peritos. Ora, uma vez que determina-se o servi\u00e7o de per\u00edcia t\u00e9cnica (particularmente essencial nas a\u00e7\u00f5es de acidentes do trabalho) como parte integrante do pr\u00f3prio acesso \u00e0 Justi\u00e7a, for\u00e7oso \u00e9 entender-se pela necessidade de uma per\u00edcia que atenda \u00e0s particularidades m\u00ednimas dos casos sob exame.<\/p>\n<p>\tE mais: o artigo 5o da Lei de Introdu\u00e7\u00e3o ao C\u00f3digo Civil determina que, em sua aplica\u00e7\u00e3o pelo juiz, a Lei atender\u00e1 aos fins sociais a que ela se dirige. Ocioso seria demonstrar a not\u00f3ria natureza social do pedido apresentado pelo recorrente.<\/p>\n<p>\tA convers\u00e3o do julgamento em dilig\u00eancia, <em>in casu<\/em>, objetiva permitir ao juiz, destinat\u00e1rio da prova, melhor formar seu conhecimento, n\u00e3o estando submetida assim ao p\u00f3rtico de preclus\u00e3o, conforme entendeu o D. Magistrado de primeiro grau.<\/p>\n<\/p>\n<p>\tIII &#8211; DO PEDIDO<\/p>\n<p>\tO compromisso da justi\u00e7a \u00e9 o de n\u00e3o conformar-se com a verdade formal enquanto todos os meios para o conhecimento da verdade material n\u00e3o forem exauridos. Cabe lembrar-se o car\u00e1ter publicista das normas processuais e da pr\u00f3pria a\u00e7\u00e3o de infortun\u00edstica. Quanto ao princ\u00edpio da verdade material, de grande relev\u00e2ncia \u00e9 a doutrina dos festejados autores da Universidade de S\u00e3o Paulo:<\/p>\n<p><em>\u201c\u00c0 vista disso, quando a causa n\u00e3o-penal versa sobre quest\u00f5es jur\u00eddicas em que o interesse p\u00fablico prevalece sobre o privado, n\u00e3o concess\u00f5es \u00e0 verdade formal. Nas causas versando direito de fam\u00edlia ou infortun\u00edstica, de longa data se faz presente o \u00f3rg\u00e3o do Minist\u00e9rio P\u00fablico e o juiz n\u00e3o est\u00e1 vinculado ao impulso das partes. Eis o fundamento pol\u00edtico-jur\u00eddico do princ\u00edpio\u201d  (in Teoria Geral do Processo &#8211; <\/em><strong><em>Ada Pellegrini Grinover, C\u00e2ndido R. Dinamarco e Antonio Carlos de Ara\u00fajo Cintra <\/em><\/strong><em>&#8211; Ed. Melheiros; 14a ed &#8211; p.65)<\/em><\/p>\n<p>\tDesta forma espera o apelante seja cassada a r. senten\u00e7a para determinar a <strong>convers\u00e3o do julgamento em dilig\u00eancia<\/strong>, com o fim de proceder \u00e0 melhor investiga\u00e7\u00e3o pericial, com exames radiol\u00f3gico e outros necess\u00e1rios,  indispens\u00e1vel para um justo julgamento, ou ainda, ser determinada a realiza\u00e7\u00e3o de prova em segundo grau jurisdicional, confiante o apelante que seja conhecida e provida a presente apela\u00e7\u00e3o para cassar a r. senten\u00e7a ou para reform\u00e1-la integralmente, decretando a proced\u00eancia do pedido, a fim de conceder o benef\u00edcio de indeniza\u00e7\u00e3o acident\u00e1ria, como \u00e9 de Direito e de JUSTI\u00c7A !<\/p>\n<p>Rio de Janeiro, 21 de novembro de 2000.<\/p>\n","protected":false},"featured_media":0,"parent":0,"menu_order":0,"template":"","meta":{"content-type":""},"categoria-modelo":[892],"class_list":["post-15231","modelos-de-peticao","type-modelos-de-peticao","status-publish","hentry","categoria-modelo-apelacoes"],"_links":{"self":[{"href":"https:\/\/easyjur.com\/blog\/wp-json\/wp\/v2\/modelos-de-peticao\/15231","targetHints":{"allow":["GET"]}}],"collection":[{"href":"https:\/\/easyjur.com\/blog\/wp-json\/wp\/v2\/modelos-de-peticao"}],"about":[{"href":"https:\/\/easyjur.com\/blog\/wp-json\/wp\/v2\/types\/modelos-de-peticao"}],"wp:attachment":[{"href":"https:\/\/easyjur.com\/blog\/wp-json\/wp\/v2\/media?parent=15231"}],"wp:term":[{"taxonomy":"categoria-modelo","embeddable":true,"href":"https:\/\/easyjur.com\/blog\/wp-json\/wp\/v2\/categoria-modelo?post=15231"}],"curies":[{"name":"wp","href":"https:\/\/api.w.org\/{rel}","templated":true}]}}

[MODELO] Apelação Cível  &#8211;  Ação Acidentária  &#8211;  Reforma da Sentença

<p>Exmo. Sr. Dr. Juiz de Direito da 46ª· Vara Cível do Rio de Janeiro. </p>
<p>(Antiga 2ª V.A.T.)</p>
<p>N· dos autos: 78.001.700.082-1<a id="DDE_LINK1"></a></p>
<p>	, nos autos da ação acidentária que  move em face do INSTITUTO NACIONAL DO SEGURO SOCIAL (INSS), através do Defensor Público, não se conformando, <em>data venia </em>com a r. sentença, vem dela apelar, na forma das anexas razões, requerendo a V. Ex. ª, sejam remetidas ao Egrégio Tribunal de Justiça, com fulcro no art. 513 do CPC, após a manifestação da parte recorrida. </p>
<p>	Nestes termos,</p>
<p>	pede deferimento. </p>
</p>
<p>	Rio de Janeiro, 21 de novembro de 2000.	</p>
<p><strong>APELAÇÃO  CÍVEL</strong></p>
<p>RAZÕES PELA PARTE APELANTE GERALDO MORAES</p>
<p>	Eg. Câmara:</p>
<p>	Clama a parte apelante pela necessária reparação do direito, com a reforma da r. sentença proferida no MM. Juízo Monocrático <em>a quo</em>, conforme os fundamentos adiante aduzidos, objetivando assim, elaborar justiça, segundo as razões sobre as quais não se fundou a decisão de primeiro grau jurisdicional. </p>
<p>			Trata a presente, de ação ACIDENTÁRIA que move o ora apelante em face do INSS, visando justo benefício em compensação pelas seqüelas observadas no mesmo, decorrentes de sua função laborativa.</p>
<p>	A r. sentença (fl. 77) não deve prosperar pois reflete a <strong>superficialidade</strong> observada no <strong>exame pericial</strong>, principal prova da ação em tela, e olvida as peculiaridades do caso em questão.</p>
<p>	Baseia-se a defesa unicamente nos laudos produzidos pela perícia técnica do juízo  <em>a quo</em> (fl. 66). Porém o mesmo documento apresenta-se eivado de contradições e obscuridades.</p>
<p>	Apesar da precariedade do referido exame, este atesta a existência de seqüelas no recorrente, no entanto atribuindo tais seqüelas à idade do apelante.</p>
<p>I &#8211; DOS DANOS PERMANENTES APRESENTADOS PELO APELANTE</p>
</p>
<p>	O autor sofreu lesões físicas graves no joelho direito,  devido a contusão de um vergalhão, resultando <strong>grandes dificuldades apresentadas pelo recorrente para se locomover. </strong></p>
<p>	Os doutos Peritos signatários dos laudos de fls.56 e 66, opinam pela ausência de sinais de incapacidade para o trabalho.	</p>
<p>II &#8211; VALOR PROBANTE DA PERÍCIA</p>
<p>	O parecer pericial é simples relato das <strong>impressões</strong> observadas pelos Peritos acerca dos fatos sob exame. <strong>Valida-se precipuamente pelas constatações visuais, sem, entretanto, buscar a autoridade técnica advinda de um exame radiológico</strong>.</p>
<p>	Aqui, devido a sua grande pertinência, cabem as palavras da autorizada doutrina de <strong>Humberto Theodoro Júnior</strong>: </p>
<p><em>“O perito é apenas um auxiliar da justiça e não um substituto do juiz na apreciação do evento probando. Deve apenas apurar a existência de fatos cuja a certificação dependa de conhecimentos técnicos. Seu parecer não é uma sentença, mas apenas fonte de informação para o juiz, que não fica adstrito ao laudo e pode formar sua convicção de modo contrário a base de outros elementos ou fatos provados no processo.”  (in Curso de Direito Processual Civil, 25a ed., v. I ). </em></p>
</p>
<p>	Tal entendimento encontra-se fulcrado no texto legal no artigo 436 do Código de Processo Civil.</p>
</p>
<p>	Ora, o próprio laudo declara a existência de seqüelas, limitando-se simples e injustificadamente a determinar a não relação destas com a atividade do apelante, ou a colocá-las como não incapacitantes, afirmando que a incapacidade de andar normalmente é devido a idade (fl. 66 V). </p>
<p>	É de se imaginar  a dificuldade de movimento pois já se passaram <strong>mais de 21 anos</strong> da data da alta do hospital ao qual o requerente foi tratado (fls. 4).</p>
<p>	Além disso, não foi aceito pelo I. Juiz o laudo pericial realizado <strong>03 anos</strong> após o acidente, o qual afirma que <em>“</em><strong><em>as lesões apresentadas se relacionam com o acidente de trabalho e acarretam incapacidade parcial e permanente para o trabalho</em></strong><em>”(fls. 08)</em>, embora posteriormente inabilitado o Perito da época.</p>
<p>	Ou seja, a perícia médica de fls. 08, realizada pouco tempo após o acidente confirma que as lesões acidentárias e o nexo de causalidade entre o acidente de trabalho e a lesão evidente, não podendo ser suplantado pela realização de exame médico pericial 21 anos após, quando as seqüelas já passam a ser confundidas com as conseqüências da idade.</p>
</p>
<p>	Finalmente, lembramos as palavras do douto Batista Martins:</p>
<p><em>“O parecer do perito é meramente opinativo e vale pela força dos </em><strong><em>argumentos em que repousa</em></strong><em>”</em></p>
<p><em>(in Comentários ao Código de Processo Civil, 2a ed., v. III, t 2o , n. 77) </em></p>
<p><strong>Da Necessidade de Completar-se o Exame Pericial	</strong></p>
<p>	Os doutos Peritos signatários dos laudo de fls. 56 e 66 apesar de explicitarem a existência de um quadro <strong>de sintomas de sequelas traumáticas</strong>, opinam pela ausência de sinais de incapacidade para o trabalho.	</p>
<p>	Porém, a verdade fática vence o silêncio pericial.</p>
<p>	Como atestar a existência ou não de seqüelas laborativas pertinentes ao joelho da perna direita do recorrente <strong>sem a realização de exame radiológico</strong>?   </p>
<p>	Evidencia-se assim, que a completa diligência pericial <strong>depende do exame radiológico</strong>, ressonância magnética, cintilografia óssea do joelho direito do trabalhador, ou outros que se fizerem necessários, sem os quais restará questionável a conclusão do I. Expert, fundada em meros exames clínicos. </p>
<p>	Ressalte-se que quanto ao simples exame radiológico, não representa nenhuma tecnologia recente ou de custos elevados, sendo inclusive de prática corriqueira em nossos hospitais e disponível no setor de perícias médicas das antigas Varas de Acidentes de Trabalho da Comarca do Rio de Janeiro, atuais Varas Civeis.</p>
<p>	Cabe lembrar que o direito a prestação gratuita dos serviços judiciários aos insuficientes de recursos, contido no inciso LXXIV do artigo 5o da Constituição Federal, como <strong>garantia constitucional</strong> que representa, deve ser interpretada extensivamente, no sentido de oferecer-se todos os meios para a resguarda de direitos, incluindo-se os meios para a realização de uma <strong>perícia integral</strong>, que atenda completamente as peculiaridades da demanda.</p>
<p>	Coaduna-se tal entendimento com o disposto no inciso V do artigo 3o da Lei 1.060/50, que inclui entre os benefícios da <strong>assistência judiciária</strong> a isenção dos honorários de peritos. Ora, uma vez que determina-se o serviço de perícia técnica (particularmente essencial nas ações de acidentes do trabalho) como parte integrante do próprio acesso à Justiça, forçoso é entender-se pela necessidade de uma perícia que atenda às particularidades mínimas dos casos sob exame.</p>
<p>	E mais: o artigo 5o da Lei de Introdução ao Código Civil determina que, em sua aplicação pelo juiz, a Lei atenderá aos fins sociais a que ela se dirige. Ocioso seria demonstrar a notória natureza social do pedido apresentado pelo recorrente.</p>
<p>	A conversão do julgamento em diligência, <em>in casu</em>, objetiva permitir ao juiz, destinatário da prova, melhor formar seu conhecimento, não estando submetida assim ao pórtico de preclusão, conforme entendeu o D. Magistrado de primeiro grau.</p>
</p>
<p>	III &#8211; DO PEDIDO</p>
<p>	O compromisso da justiça é o de não conformar-se com a verdade formal enquanto todos os meios para o conhecimento da verdade material não forem exauridos. Cabe lembrar-se o caráter publicista das normas processuais e da própria ação de infortunística. Quanto ao princípio da verdade material, de grande relevância é a doutrina dos festejados autores da Universidade de São Paulo:</p>
<p><em>“À vista disso, quando a causa não-penal versa sobre questões jurídicas em que o interesse público prevalece sobre o privado, não concessões à verdade formal. Nas causas versando direito de família ou infortunística, de longa data se faz presente o órgão do Ministério Público e o juiz não está vinculado ao impulso das partes. Eis o fundamento político-jurídico do princípio”  (in Teoria Geral do Processo &#8211; </em><strong><em>Ada Pellegrini Grinover, Cândido R. Dinamarco e Antonio Carlos de Araújo Cintra </em></strong><em>&#8211; Ed. Melheiros; 14a ed &#8211; p.65)</em></p>
<p>	Desta forma espera o apelante seja cassada a r. sentença para determinar a <strong>conversão do julgamento em diligência</strong>, com o fim de proceder à melhor investigação pericial, com exames radiológico e outros necessários,  indispensável para um justo julgamento, ou ainda, ser determinada a realização de prova em segundo grau jurisdicional, confiante o apelante que seja conhecida e provida a presente apelação para cassar a r. sentença ou para reformá-la integralmente, decretando a procedência do pedido, a fim de conceder o benefício de indenização acidentária, como é de Direito e de JUSTIÇA !</p>
<p>Rio de Janeiro, 21 de novembro de 2000.</p>
