{"id":14888,"date":"2023-07-14T14:51:20","date_gmt":"2023-07-14T14:51:20","guid":{"rendered":"https:\/\/easyjur.com\/blog\/?post_type=modelos-de-peticao&#038;p=3650"},"modified":"2023-07-14T14:51:20","modified_gmt":"2023-07-14T14:51:20","slug":"contestacao-ilegitimidade-passiva-e-documentos-validos-para-transferencia-do-veiculo","status":"publish","type":"modelos-de-peticao","link":"https:\/\/easyjur.com\/blog\/modelos-de-peticao\/contestacao-ilegitimidade-passiva-e-documentos-validos-para-transferencia-do-veiculo\/","title":{"rendered":"[MODELO] Contesta\u00e7\u00e3o  &#8211;  Ilegitimidade passiva e documentos v\u00e1lidos para transfer\u00eancia do ve\u00edculo"},"content":{"rendered":"<table>\n<tr>\n<td>\n<table>\n<tr>\n<td>\n<p><strong>Contesta\u00e7\u00e3o em A\u00e7\u00e3o Cominat\u00f3ria para Transfer\u00eancia de Ve\u00edculo<\/strong><\/p>\n<\/td>\n<\/tr>\n<\/table>\n<table>\n<tr>\n<td><\/td>\n<\/tr>\n<tr>\n<td><\/td>\n<\/tr>\n<\/table>\n<\/td>\n<\/tr>\n<tr>\n<td>\n<table>\n<tr>\n<td><\/td>\n<td>\n<table>\n<tr>\n<td>\n<p>Peti\u00e7\u00f5es &#8211; Direito das Obriga\u00e7\u00f5es<\/p>\n<\/td>\n<td><\/td>\n<\/tr>\n<tr>\n<td>\n<p>O requerido em a\u00e7\u00e3o cominat\u00f3ria c\/c perdas e danos apresenta contesta\u00e7\u00e3o, arg\u00fcindo ilegitimidade passiva e que os documentos apresentados pelo autor eram v\u00e1lidos para transfer\u00eancia do ve\u00edculo.<\/p>\n<\/td>\n<td><\/td>\n<\/tr>\n<tr>\n<td><\/td>\n<td><\/td>\n<\/tr>\n<tr>\n<td colspan=\"2\">\n<p>EXCELENT\u00cdSSIMO SENHOR DOUTOR JUIZ DE DIREITO DA &#8230;. \u00aa VARA C\u00cdVEL DA COMARCA DE &#8230;.<\/p>\n<p>AUTOS N\u00ba &#8230;.<br \/>AUTOR: &#8230;.<br \/>R\u00c9U: &#8230;.<\/p>\n<p>&#8230;&#8230;&#8230;&#8230;&#8230;&#8230;&#8230;&#8230;&#8230;&#8230;&#8230;&#8230;.., pessoa jur\u00eddica de direito privado, com sede na Rua &#8230;. n\u00ba &#8230;., por seu advogado infra-assinado, qualificado pela procura\u00e7\u00e3o em anexo, vem mui respeitosamente \u00e0 presen\u00e7a de V. Exa. para apresentar sua <\/p>\n<p>CONTESTA\u00c7\u00c3O<\/p>\n<p>\u00e0 a\u00e7\u00e3o cominat\u00f3ria c\/c perdas e danos proposta por &#8230;., o que faz nos termos a seguir:<\/p>\n<p>DA ILEGITIMIDADE PASSIVA DE FEDERA\u00c7\u00c3O DOS TRABALHADORES NA IND\u00daSTRIA DA CONSTRU\u00c7\u00c3O E MOBILI\u00c1RIO DO ESTADO DO &#8230;.<\/p>\n<p>Conforme se verifica da a\u00e7\u00e3o de exibi\u00e7\u00e3o de Documento, \u00e0s fls. &#8230;., o autor da presente afirma que adquiriu o ve\u00edculo de &#8230;.<\/p>\n<p>Somente por esta afirma\u00e7\u00e3o fica evidente que nasceu entre ambos, comprador (&#8230;.) e vendedor (&#8230;.), direitos e obriga\u00e7\u00f5es advindos do neg\u00f3cio por eles entabulado.<\/p>\n<p>Assim, se defeito houve do neg\u00f3cio, ou se dele decorreu, a parte leg\u00edtima para responder ao autor \u00e9 o seu vendedor &#8230;.<\/p>\n<p>Ora, n\u00e3o tendo a r\u00e9 (FEDERA\u00c7\u00c3O) mantido com o autor qualquer neg\u00f3cio de compra e venda, n\u00e3o existe da parte da mesma qualquer obriga\u00e7\u00e3o, ou direito, para com o autor.<\/p>\n<p>Assim, evidente a ilegitimidade passiva da r\u00e9 para responder aos termos da presente, devendo-se aliciar o art. 267, inciso VI do CPC, extinguindo-se o processo sem julgamento do m\u00e9rito.<\/p>\n<p>ILEGITIMIDADE PASSIVA DA DENUNCIADA<\/p>\n<p>Sendo a r\u00e9 parte ileg\u00edtima para responder aos termos da presente, resolvem-se, por extens\u00e3o, os litiscons\u00f3rcios passivos, pois que este n\u00e3o subsiste sem aquele.<\/p>\n<p>Assim, a litisdenunciada &#8230;. n\u00e3o pode figurar no p\u00f3lo passivo do processo.<\/p>\n<p>Ali\u00e1s, e veja-se que esta litisdenunciada nada tem a responder para a sua litisdenunciadora, pois que dela adquiriu o ve\u00edculo e pagou o pre\u00e7o combinado, tendo cumprido com todas as obriga\u00e7\u00f5es do contrato.<\/p>\n<p>N\u00e3o h\u00e1 como se entender que competiria \u00e0 litisdenunciada fornecer o documento de venda do ve\u00edculo \u00e0 litisdenunciante porque esta obriga\u00e7\u00e3o competia \u00e0 vendedora para a compradora, e n\u00e3o ao inverso como se pretende atrav\u00e9s da litisdenuncia\u00e7\u00e3o.<\/p>\n<p>De mais a mais, e mesmo tendo requerido o chamamento \u00e0 lide de &#8230;., aquela seguradora n\u00e3o indicou para que fim nem sequer requereu a condena\u00e7\u00e3o da litisdenunciada a qualquer pena.<\/p>\n<p>Deste modo, n\u00e3o cabe a litisdenuncia\u00e7\u00e3o, pois n\u00e3o poder\u00e1 este MM. Ju\u00edzo condenar a litisdenunciada a qualquer obriga\u00e7\u00e3o, uma vez que tal n\u00e3o foi requerido pelo litisdenunciante, e ainda tal implicaria em julgamento al\u00e9m dos limites do pedido.<\/p>\n<p>DA DENUNCIA\u00c7\u00c3O \u00c0 LIDE DE &#8230;.<\/p>\n<p>Todavia, se este MM. Ju\u00edzo entender de modo diferente, e visando garantir os seus direitos regressivos, \u00e9 que esta litisdenunciada, com base no art. 70 do CPC, denuncia \u00e0 lide o Sr. &#8230;., qualificado ao final.<\/p>\n<p>Assim, e tendo em vista o disposto na lei, requer-se a suspens\u00e3o do processo at\u00e9 que seja realizada a cita\u00e7\u00e3o do litisdenunciado.<\/p>\n<p>NO M\u00c9RITO<\/p>\n<p>No m\u00e9rito, a litisdenunciada contesta a inicial nos mesmos termos da contesta\u00e7\u00e3o apresentada por &#8230;. e nos itens IMPOSSIBILIDADE JUR\u00cdDICA DE CUMULAR PEDIDOS; PERDAS E DANOS &#8211; INEXIST\u00caNCIA DE RELA\u00c7\u00c3O JUR\u00cdDICA ENTRE O AUTOR E A R\u00c9; TRANSFER\u00caNCIA DO VE\u00cdCULO PARA O AUTOR; PERDAS E DANOS; LOCA\u00c7\u00c3O &#8211; CESS\u00c3O DE USO e, finalmente, VALOR DO DANO.<\/p>\n<p>Todavia, faz duas ressalvas, a saber:<\/p>\n<p>1. No item PERDAS E DANOS-INEXIST\u00caNCIA DE RELA\u00c7\u00c3O JUR\u00cdDICA ENTE O AUTOR E A R\u00c9, \u00e0s fls. &#8230;. dos autos, aquela litisdenunciada, &#8230;., faz refer\u00eancias sobre a possibilidade de &#8230;. ter falsificado o documento de transfer\u00eancia do ve\u00edculo.<\/p>\n<p>Contra tal refer\u00eancia esta litisdenunciada se insurge de forma inequ\u00edvoca, pois que n\u00e3o pode aceitar sequer refer\u00eancia sobre a sua conduta.<\/p>\n<p>2. A segunda ressalva a ser feita \u00e9 o grande equ\u00edvoco que est\u00e1 ocorrendo no presente processo.<\/p>\n<p>Verifica-se pelos documentos apresentados pelo autor, e bem assim pela r\u00e9, que os mesmos eram suficientes para a transfer\u00eancia do ve\u00edculo junto ao &#8230;., nos termos da contesta\u00e7\u00e3o trazida pela mesma r\u00e9.<\/p>\n<p>Assim, quando o &#8230;., atrav\u00e9s de &quot;parecer&quot; totalmente equivocado negou-se a efetuar a transfer\u00eancia do ve\u00edculo, cometeu um ato ilegal, atac\u00e1vel atrav\u00e9s de rem\u00e9dio jur\u00eddico (mandado de seguran\u00e7a), pois que o adquirente do ve\u00edculo, atrav\u00e9s dos documentos apresentado \u00e0quele \u00f3rg\u00e3o, possu\u00eda direito l\u00edquido e certo (art. 5\u00ba, incido LXIX da Constitui\u00e7\u00e3o Federal).<\/p>\n<p>Assim, e nos termos do art. 159 do CCB, se algu\u00e9m causou preju\u00edzo ao autor e tem o dever de indeniz\u00e1-lo, este algu\u00e9m \u00e9 o &#8230;., que em ato ilegal negou-lhe a transfer\u00eancia do ve\u00edculo.<\/p>\n<p>Por todo o exposto \u00e9 a presente para requerer:<\/p>\n<p>Digne-se V. Exa. acatar a preliminar de ilegitimidade passiva da r\u00e9, e por extens\u00e3o dos litisdenunciados, julgando extinto o processo sem julgamento do m\u00e9rito.<\/p>\n<p>N\u00e3o seja aceito o chamamento de &#8230;., ao processo por falta de pedido de condena\u00e7\u00e3o da mesma.<\/p>\n<p>Se entender diferente, que acate o pedido de denuncia\u00e7\u00e3o \u00e0 lide de &#8230;., (qualifica\u00e7\u00e3o), residente e domiciliado na Rua &#8230;. n\u00ba &#8230;., fone &#8230;., nesta &#8230;., determinando-lhe a cita\u00e7\u00e3o para que responda aos termos da presente, no prazo de lei, ou que este MM. Ju\u00edzo consignar, fazendo-o ciente de que presumir-se-\u00e3o verdadeiros os fatos aqui articulados e que n\u00e3o foram contestados, quando, ao final, e no caso de ser a a\u00e7\u00e3o julgada procedente e a litisdenunciada &#8230;. for condenada a qualquer verba, que tal condena\u00e7\u00e3o recaia sobre o ora litisdenunciado, na mesma propor\u00e7\u00e3o e valor.<\/p>\n<p>Seja indeferida a peti\u00e7\u00e3o inicial no que tange \u00e0 cumula\u00e7\u00e3o de pedidos, por manifesta ilegitimidade passiva da r\u00e9 para responder aos dois pedidos.<\/p>\n<p>No m\u00e9rito, seja a a\u00e7\u00e3o julgada totalmente improcedente, condenando-se o autor ao pagamento das custas judiciais e honor\u00e1rios advocat\u00edcios.<\/p>\n<p>Protesta por todos os meios de prova em direito admitidos, em especial o depoimento pessoal do autor, sob pena de confiss\u00e3o, oitiva de testemunhas a serem oportunamente arroladas, periciais e outras documentais.<\/p>\n<p>Termos em que<\/p>\n<p>P. Deferimento.<\/p>\n<p>&#8230;., &#8230;. de &#8230;. de &#8230;.<\/p>\n<p>&#8230;&#8230;&#8230;&#8230;&#8230;&#8230;.<br \/>Advogado OAB\/&#8230;<\/p>\n<\/td>\n<\/tr>\n<\/table>\n<\/td>\n<\/tr>\n<\/table>\n<\/td>\n<\/tr>\n<\/table>\n","protected":false},"featured_media":0,"parent":0,"menu_order":0,"template":"","meta":{"content-type":""},"categoria-modelo":[886],"class_list":["post-14888","modelos-de-peticao","type-modelos-de-peticao","status-publish","hentry","categoria-modelo-contestacoes"],"_links":{"self":[{"href":"https:\/\/easyjur.com\/blog\/wp-json\/wp\/v2\/modelos-de-peticao\/14888","targetHints":{"allow":["GET"]}}],"collection":[{"href":"https:\/\/easyjur.com\/blog\/wp-json\/wp\/v2\/modelos-de-peticao"}],"about":[{"href":"https:\/\/easyjur.com\/blog\/wp-json\/wp\/v2\/types\/modelos-de-peticao"}],"wp:attachment":[{"href":"https:\/\/easyjur.com\/blog\/wp-json\/wp\/v2\/media?parent=14888"}],"wp:term":[{"taxonomy":"categoria-modelo","embeddable":true,"href":"https:\/\/easyjur.com\/blog\/wp-json\/wp\/v2\/categoria-modelo?post=14888"}],"curies":[{"name":"wp","href":"https:\/\/api.w.org\/{rel}","templated":true}]}}

[MODELO] Contestação  &#8211;  Ilegitimidade passiva e documentos válidos para transferência do veículo

<table>
<tr>
<td>
<table>
<tr>
<td>
<p><strong>Contestação em Ação Cominatória para Transferência de Veículo</strong></p>
</td>
</tr>
</table>
<table>
<tr>
<td></td>
</tr>
<tr>
<td></td>
</tr>
</table>
</td>
</tr>
<tr>
<td>
<table>
<tr>
<td></td>
<td>
<table>
<tr>
<td>
<p>Petições &#8211; Direito das Obrigações</p>
</td>
<td></td>
</tr>
<tr>
<td>
<p>O requerido em ação cominatória c/c perdas e danos apresenta contestação, argüindo ilegitimidade passiva e que os documentos apresentados pelo autor eram válidos para transferência do veículo.</p>
</td>
<td></td>
</tr>
<tr>
<td></td>
<td></td>
</tr>
<tr>
<td colspan="2">
<p>EXCELENTÍSSIMO SENHOR DOUTOR JUIZ DE DIREITO DA &#8230;. ª VARA CÍVEL DA COMARCA DE &#8230;.</p>
<p>AUTOS Nº &#8230;.<br />AUTOR: &#8230;.<br />RÉU: &#8230;.</p>
<p>&#8230;&#8230;&#8230;&#8230;&#8230;&#8230;&#8230;&#8230;&#8230;&#8230;&#8230;&#8230;.., pessoa jurídica de direito privado, com sede na Rua &#8230;. nº &#8230;., por seu advogado infra-assinado, qualificado pela procuração em anexo, vem mui respeitosamente à presença de V. Exa. para apresentar sua </p>
<p>CONTESTAÇÃO</p>
<p>à ação cominatória c/c perdas e danos proposta por &#8230;., o que faz nos termos a seguir:</p>
<p>DA ILEGITIMIDADE PASSIVA DE FEDERAÇÃO DOS TRABALHADORES NA INDÚSTRIA DA CONSTRUÇÃO E MOBILIÁRIO DO ESTADO DO &#8230;.</p>
<p>Conforme se verifica da ação de exibição de Documento, às fls. &#8230;., o autor da presente afirma que adquiriu o veículo de &#8230;.</p>
<p>Somente por esta afirmação fica evidente que nasceu entre ambos, comprador (&#8230;.) e vendedor (&#8230;.), direitos e obrigações advindos do negócio por eles entabulado.</p>
<p>Assim, se defeito houve do negócio, ou se dele decorreu, a parte legítima para responder ao autor é o seu vendedor &#8230;.</p>
<p>Ora, não tendo a ré (FEDERAÇÃO) mantido com o autor qualquer negócio de compra e venda, não existe da parte da mesma qualquer obrigação, ou direito, para com o autor.</p>
<p>Assim, evidente a ilegitimidade passiva da ré para responder aos termos da presente, devendo-se aliciar o art. 267, inciso VI do CPC, extinguindo-se o processo sem julgamento do mérito.</p>
<p>ILEGITIMIDADE PASSIVA DA DENUNCIADA</p>
<p>Sendo a ré parte ilegítima para responder aos termos da presente, resolvem-se, por extensão, os litisconsórcios passivos, pois que este não subsiste sem aquele.</p>
<p>Assim, a litisdenunciada &#8230;. não pode figurar no pólo passivo do processo.</p>
<p>Aliás, e veja-se que esta litisdenunciada nada tem a responder para a sua litisdenunciadora, pois que dela adquiriu o veículo e pagou o preço combinado, tendo cumprido com todas as obrigações do contrato.</p>
<p>Não há como se entender que competiria à litisdenunciada fornecer o documento de venda do veículo à litisdenunciante porque esta obrigação competia à vendedora para a compradora, e não ao inverso como se pretende através da litisdenunciação.</p>
<p>De mais a mais, e mesmo tendo requerido o chamamento à lide de &#8230;., aquela seguradora não indicou para que fim nem sequer requereu a condenação da litisdenunciada a qualquer pena.</p>
<p>Deste modo, não cabe a litisdenunciação, pois não poderá este MM. Juízo condenar a litisdenunciada a qualquer obrigação, uma vez que tal não foi requerido pelo litisdenunciante, e ainda tal implicaria em julgamento além dos limites do pedido.</p>
<p>DA DENUNCIAÇÃO À LIDE DE &#8230;.</p>
<p>Todavia, se este MM. Juízo entender de modo diferente, e visando garantir os seus direitos regressivos, é que esta litisdenunciada, com base no art. 70 do CPC, denuncia à lide o Sr. &#8230;., qualificado ao final.</p>
<p>Assim, e tendo em vista o disposto na lei, requer-se a suspensão do processo até que seja realizada a citação do litisdenunciado.</p>
<p>NO MÉRITO</p>
<p>No mérito, a litisdenunciada contesta a inicial nos mesmos termos da contestação apresentada por &#8230;. e nos itens IMPOSSIBILIDADE JURÍDICA DE CUMULAR PEDIDOS; PERDAS E DANOS &#8211; INEXISTÊNCIA DE RELAÇÃO JURÍDICA ENTRE O AUTOR E A RÉ; TRANSFERÊNCIA DO VEÍCULO PARA O AUTOR; PERDAS E DANOS; LOCAÇÃO &#8211; CESSÃO DE USO e, finalmente, VALOR DO DANO.</p>
<p>Todavia, faz duas ressalvas, a saber:</p>
<p>1. No item PERDAS E DANOS-INEXISTÊNCIA DE RELAÇÃO JURÍDICA ENTE O AUTOR E A RÉ, às fls. &#8230;. dos autos, aquela litisdenunciada, &#8230;., faz referências sobre a possibilidade de &#8230;. ter falsificado o documento de transferência do veículo.</p>
<p>Contra tal referência esta litisdenunciada se insurge de forma inequívoca, pois que não pode aceitar sequer referência sobre a sua conduta.</p>
<p>2. A segunda ressalva a ser feita é o grande equívoco que está ocorrendo no presente processo.</p>
<p>Verifica-se pelos documentos apresentados pelo autor, e bem assim pela ré, que os mesmos eram suficientes para a transferência do veículo junto ao &#8230;., nos termos da contestação trazida pela mesma ré.</p>
<p>Assim, quando o &#8230;., através de &quot;parecer&quot; totalmente equivocado negou-se a efetuar a transferência do veículo, cometeu um ato ilegal, atacável através de remédio jurídico (mandado de segurança), pois que o adquirente do veículo, através dos documentos apresentado àquele órgão, possuía direito líquido e certo (art. 5º, incido LXIX da Constituição Federal).</p>
<p>Assim, e nos termos do art. 159 do CCB, se alguém causou prejuízo ao autor e tem o dever de indenizá-lo, este alguém é o &#8230;., que em ato ilegal negou-lhe a transferência do veículo.</p>
<p>Por todo o exposto é a presente para requerer:</p>
<p>Digne-se V. Exa. acatar a preliminar de ilegitimidade passiva da ré, e por extensão dos litisdenunciados, julgando extinto o processo sem julgamento do mérito.</p>
<p>Não seja aceito o chamamento de &#8230;., ao processo por falta de pedido de condenação da mesma.</p>
<p>Se entender diferente, que acate o pedido de denunciação à lide de &#8230;., (qualificação), residente e domiciliado na Rua &#8230;. nº &#8230;., fone &#8230;., nesta &#8230;., determinando-lhe a citação para que responda aos termos da presente, no prazo de lei, ou que este MM. Juízo consignar, fazendo-o ciente de que presumir-se-ão verdadeiros os fatos aqui articulados e que não foram contestados, quando, ao final, e no caso de ser a ação julgada procedente e a litisdenunciada &#8230;. for condenada a qualquer verba, que tal condenação recaia sobre o ora litisdenunciado, na mesma proporção e valor.</p>
<p>Seja indeferida a petição inicial no que tange à cumulação de pedidos, por manifesta ilegitimidade passiva da ré para responder aos dois pedidos.</p>
<p>No mérito, seja a ação julgada totalmente improcedente, condenando-se o autor ao pagamento das custas judiciais e honorários advocatícios.</p>
<p>Protesta por todos os meios de prova em direito admitidos, em especial o depoimento pessoal do autor, sob pena de confissão, oitiva de testemunhas a serem oportunamente arroladas, periciais e outras documentais.</p>
<p>Termos em que</p>
<p>P. Deferimento.</p>
<p>&#8230;., &#8230;. de &#8230;. de &#8230;.</p>
<p>&#8230;&#8230;&#8230;&#8230;&#8230;&#8230;.<br />Advogado OAB/&#8230;</p>
</td>
</tr>
</table>
</td>
</tr>
</table>
</td>
</tr>
</table>
