{"id":13858,"date":"2023-07-14T14:20:50","date_gmt":"2023-07-14T14:20:50","guid":{"rendered":"https:\/\/easyjur.com\/blog\/?post_type=modelos-de-peticao&#038;p=3650"},"modified":"2023-07-14T14:20:50","modified_gmt":"2023-07-14T14:20:50","slug":"pedido-de-concessao-de-guarda-de-menor-pelos-beneficios-previdenciarios","status":"publish","type":"modelos-de-peticao","link":"https:\/\/easyjur.com\/blog\/modelos-de-peticao\/pedido-de-concessao-de-guarda-de-menor-pelos-beneficios-previdenciarios\/","title":{"rendered":"[MODELO] Pedido de Concess\u00e3o de Guarda de Menor pelos Benef\u00edcios Previdenci\u00e1rios"},"content":{"rendered":"<p>GUARDA DE MENOR \u2013 BENEF\u00cdCIO PREVIDENCI\u00c1RIO \u2013 DEPENDENTE \u2013 LEI N\u00ba 8.069\/90 \u2013 CONCESS\u00c3O &#8211; NOVO CPC<\/p>\n<p>EXCELENT\u00cdSSIMO(A) SENHOR(A) DOUTOR(A) JUIZ(A) DE DIREITO DA VARA DE MENORES DA COMARCA DE &#8230;&#8230;&#8230;&#8230;&#8230;.<\/p>\n<p>Pular 10 linhas<\/p>\n<p>\u2006 \u2006 \u2006 \u2006 \u2006 &#8230;&#8230;&#8230;&#8230;&#8230;&#8230;&#8230;&#8230;., (qualifica\u00e7\u00e3o), residente e domiciliado na comarca de &#8230;&#8230;&#8230;&#8230;&#8230;. &#8211; &#8230;, na Rua &#8230;&#8230;&#8230;&#8230;, n\u00ba &#8230;, atrav\u00e9s de seu representante legal, vem mui respeitosamente expor e pedir ao final a obten\u00e7\u00e3o da<\/p>\n<p>GUARDA DE MENOR<\/p>\n<p>pelos fatos e fundamentos a seguir:<\/p>\n<p>\u2006 \u2006 \u2006 \u2006 \u2006 A segunda Requerente era casada com &#8230;&#8230;&#8230;&#8230;&#8230;&#8230;., (qualifica\u00e7\u00e3o), residentes na comarca\u2006 \u2006 de &#8230;&#8230;&#8230;&#8230;&#8230;. &#8211; &#8230;, na Rua &#8230;&#8230;&#8230;&#8230;, n\u00ba &#8230;, tendo os mesmos efetuado a separa\u00e7\u00e3o judicial, nos autos<\/p>\n<p>&#8230;\/&#8230;, na &#8230;\u00aa Vara de Fam\u00edlia e Anexos da Comarca de &#8230;&#8230;&#8230;&#8230;. &#8211; &#8230; .<\/p>\n<p>\u2006 \u2006 \u2006 \u2006 \u2006 Conforme a anexa certid\u00e3o extra\u00edda daqueles autos, em data de &#8230;\/&#8230;\/&#8230;., por ocasi\u00e3o da separa\u00e7\u00e3o, a Requerente &#8230;&#8230;&#8230;&#8230;&#8230;&#8230;&#8230; Ficou com a guarda de sua filha menor, &#8230;&#8230;&#8230;&#8230;&#8230;.,\u2006 \u2006 nascida<\/p>\n<p>em data de &#8230;\/&#8230;\/&#8230;., hoje, portanto, com &#8230; (&#8230;&#8230;&#8230;&#8230;.) anos.<\/p>\n<p>\u2006 \u2006 \u2006 \u2006 \u2006 Anexas, al\u00e9m da procura\u00e7\u00e3o dos requerentes, a certid\u00e3o referida, certid\u00e3o de nascimento da menor mencionada e certid\u00e3o de casamento da requerente com &#8230;&#8230;&#8230;&#8230;&#8230;.., ocorrido em &#8230;\/&#8230;\/&#8230;. .<\/p>\n<p>\u2006 \u2006 \u2006 \u2006 \u2006 Ocorre que, atualmente, os requerentes v\u00eam vivendo maritalmente, tendo, inclusive, dessa uni\u00e3o, nascido o menor &#8230;&#8230;&#8230;&#8230;.., conforme se prova com a anexa certid\u00e3o de nascimento ocorrido em &#8230;\/&#8230;\/&#8230;.<\/p>\n<p>\u2006 \u2006 \u2006 \u2006 \u2006 A menor objeto deste pedido, &#8230;&#8230;&#8230;&#8230;&#8230;&#8230;, continua sob responsabilidade de sua m\u00e3e, aqui requerente, sendo certo que o requerente &#8230;&#8230;&#8230;&#8230;&#8230;&#8230;&#8230; Est\u00e1 dando manuten\u00e7\u00e3o e educa\u00e7\u00e3o, inclusive escolar, \u00e0 menor, conforme demonstram as anexas declara\u00e7\u00f5es.<\/p>\n<p>\u2006 \u2006 \u2006 \u2006 \u2006 A requerente mulher, bem como o filho comum do casal, j\u00e1 se encontram habilitados como dependentes econ\u00f4micos junto ao Banco &#8230;&#8230;&#8230;., para efeito inclusive de atendimento m\u00e9dico- hospitalar, conforme demonstra c\u00f3pia anexa da \u201cFicha de Dependentes Econ\u00f4micos\u201d em nome\u2006 \u2006 do requerente-var\u00e3o.<\/p>\n<p>\u2006 \u2006 \u2006 \u2006 \u2006 O que neste requerimento se pretende \u00e9 atribuir a\u2006 \u2006 guarda\u2006 \u2006 da\u2006 \u2006 menor\u2006 \u2006 &#8230;&#8230;&#8230;.\u2006 \u2006 Ao\u2006 \u2006 Requerente &#8230;&#8230;&#8230;&#8230;&#8230;&#8230;.., o qual efetivamente vem lhe prestando alimentos, vestu\u00e1rio, educa\u00e7\u00e3o escolar, como se fosse sua filha.<\/p>\n<p>\u2006 \u2006 \u2006 \u2006 \u2006 O Requerente-var\u00e3o \u00e9 funcion\u00e1rio do Banco &#8230;&#8230;&#8230;, em exerc\u00edcio, juntando declara\u00e7\u00e3o firmada pelo Gerente\u2006 \u2006 da\u2006 \u2006 Ag\u00eancia do Banco &#8230;&#8230;&#8230;&#8230;., e mais dois funcion\u00e1rios, datada de &#8230;\u2006 \u2006 \u2006 \u2006 \u2006 \u2006 De &#8230;&#8230;&#8230;&#8230; De &#8230;., quanto \u00e0 sua idoneidade moral e financeira, para que possa pleitear a guarda da referida menor.<\/p>\n<p>\u2006 \u2006 \u2006 \u2006 \u2006 E, para que o requerente-var\u00e3o possa incluir a menor referida como sua dependente, seja perante a Previd\u00eancia Social, seja perante o Banco &#8230;&#8230;&#8230;&#8230;, \u00e9 estritamente necess\u00e1rio que haja outorga judicial da guarda ora pleiteada.<\/p>\n<p>\u2006 \u2006 \u2006 \u2006 \u2006 A Lei n\u00ba 8.069\/90 (ECA) cuida das condi\u00e7\u00f5es para se deferir a guarda de menor, nos artigos 33, 34 e 35.<\/p>\n<p>\u2006 \u2006 \u2006 \u2006 \u2006 <\/p>\n<p>\u2006 \u2006 \u2006 \u2006 \u2006 \u00c9 o requerente sabedor de que a guarda implica a obriga\u00e7\u00e3o de presta\u00e7\u00e3o de assist\u00eancia material, moral e educacional do menor, passando este a ser seu dependente econ\u00f4mico, inclusive para os fins previdenci\u00e1rios, conforme disp\u00f5e o \u00a7 3\u00ba, do artigo 33 da Lei n\u00ba 8.069\/90.<\/p>\n<p>\u2006 \u2006 \u2006 \u2006 \u2006 O Requerente-var\u00e3o informa n\u00e3o ter v\u00ednculo de parentesco com a menor, sendo certo que esta tem os pais, como referido, e foi registrada sob n\u00ba &#8230;&#8230;., em data de &#8230;\/&#8230;\/&#8230;., no Cart\u00f3rio de Registro Civil da Sede da Comarca de &#8230;&#8230;&#8230;&#8230;&#8230;&#8230;. &#8211; &#8230; (doc. Junto), atestando a sua idoneidade com o documento junto, assinado por tr\u00eas pessoas id\u00f4neas, que informaram estar o requerente- var\u00e3o trabalhando normalmente, portanto, com sa\u00fade f\u00edsica e mental perfeitas.<\/p>\n<p>\u2006 \u2006 \u2006 \u2006 \u2006 Pelos fatos expostos, com a expressa concord\u00e2ncia da m\u00e3e da menor, aqui tamb\u00e9m requerente, requerem que, ouvido o DD. Representante do Minist\u00e9rio P\u00fablico, seja a final deferida ao Requerente &#8230;&#8230;&#8230;&#8230;&#8230;&#8230;.. A guarda da menor &#8230;&#8230;&#8230;&#8230;&#8230;., tudo consoante as normas legais invocadas e outras aplic\u00e1veis \u00e0 esp\u00e9cie.<\/p>\n<p>Com os documentos juntos e, se necess\u00e1rio, protestando por outras provas.<\/p>\n<p>Nestes termos,<\/p>\n<p>Pede deferimento.<\/p>\n<p>[Local] [data]<\/p>\n<p>__________________________________<\/p>\n<p>[Nome Advogado] &#8211; [OAB] [UF].<\/p>\n","protected":false},"featured_media":0,"parent":0,"menu_order":0,"template":"","meta":{"content-type":""},"categoria-modelo":[881],"class_list":["post-13858","modelos-de-peticao","type-modelos-de-peticao","status-publish","hentry","categoria-modelo-familia"],"_links":{"self":[{"href":"https:\/\/easyjur.com\/blog\/wp-json\/wp\/v2\/modelos-de-peticao\/13858","targetHints":{"allow":["GET"]}}],"collection":[{"href":"https:\/\/easyjur.com\/blog\/wp-json\/wp\/v2\/modelos-de-peticao"}],"about":[{"href":"https:\/\/easyjur.com\/blog\/wp-json\/wp\/v2\/types\/modelos-de-peticao"}],"wp:attachment":[{"href":"https:\/\/easyjur.com\/blog\/wp-json\/wp\/v2\/media?parent=13858"}],"wp:term":[{"taxonomy":"categoria-modelo","embeddable":true,"href":"https:\/\/easyjur.com\/blog\/wp-json\/wp\/v2\/categoria-modelo?post=13858"}],"curies":[{"name":"wp","href":"https:\/\/api.w.org\/{rel}","templated":true}]}}

[MODELO] Pedido de Concessão de Guarda de Menor pelos Benefícios Previdenciários

<p>GUARDA DE MENOR – BENEFÍCIO PREVIDENCIÁRIO – DEPENDENTE – LEI Nº 8.069/90 – CONCESSÃO &#8211; NOVO CPC</p>
<p>EXCELENTÍSSIMO(A) SENHOR(A) DOUTOR(A) JUIZ(A) DE DIREITO DA VARA DE MENORES DA COMARCA DE &#8230;&#8230;&#8230;&#8230;&#8230;.</p>
<p>Pular 10 linhas</p>
<p>          &#8230;&#8230;&#8230;&#8230;&#8230;&#8230;&#8230;&#8230;., (qualificação), residente e domiciliado na comarca de &#8230;&#8230;&#8230;&#8230;&#8230;. &#8211; &#8230;, na Rua &#8230;&#8230;&#8230;&#8230;, nº &#8230;, através de seu representante legal, vem mui respeitosamente expor e pedir ao final a obtenção da</p>
<p>GUARDA DE MENOR</p>
<p>pelos fatos e fundamentos a seguir:</p>
<p>          A segunda Requerente era casada com &#8230;&#8230;&#8230;&#8230;&#8230;&#8230;., (qualificação), residentes na comarca    de &#8230;&#8230;&#8230;&#8230;&#8230;. &#8211; &#8230;, na Rua &#8230;&#8230;&#8230;&#8230;, nº &#8230;, tendo os mesmos efetuado a separação judicial, nos autos</p>
<p>&#8230;/&#8230;, na &#8230;ª Vara de Família e Anexos da Comarca de &#8230;&#8230;&#8230;&#8230;. &#8211; &#8230; .</p>
<p>          Conforme a anexa certidão extraída daqueles autos, em data de &#8230;/&#8230;/&#8230;., por ocasião da separação, a Requerente &#8230;&#8230;&#8230;&#8230;&#8230;&#8230;&#8230; Ficou com a guarda de sua filha menor, &#8230;&#8230;&#8230;&#8230;&#8230;.,    nascida</p>
<p>em data de &#8230;/&#8230;/&#8230;., hoje, portanto, com &#8230; (&#8230;&#8230;&#8230;&#8230;.) anos.</p>
<p>          Anexas, além da procuração dos requerentes, a certidão referida, certidão de nascimento da menor mencionada e certidão de casamento da requerente com &#8230;&#8230;&#8230;&#8230;&#8230;.., ocorrido em &#8230;/&#8230;/&#8230;. .</p>
<p>          Ocorre que, atualmente, os requerentes vêm vivendo maritalmente, tendo, inclusive, dessa união, nascido o menor &#8230;&#8230;&#8230;&#8230;.., conforme se prova com a anexa certidão de nascimento ocorrido em &#8230;/&#8230;/&#8230;.</p>
<p>          A menor objeto deste pedido, &#8230;&#8230;&#8230;&#8230;&#8230;&#8230;, continua sob responsabilidade de sua mãe, aqui requerente, sendo certo que o requerente &#8230;&#8230;&#8230;&#8230;&#8230;&#8230;&#8230; Está dando manutenção e educação, inclusive escolar, à menor, conforme demonstram as anexas declarações.</p>
<p>          A requerente mulher, bem como o filho comum do casal, já se encontram habilitados como dependentes econômicos junto ao Banco &#8230;&#8230;&#8230;., para efeito inclusive de atendimento médico- hospitalar, conforme demonstra cópia anexa da “Ficha de Dependentes Econômicos” em nome    do requerente-varão.</p>
<p>          O que neste requerimento se pretende é atribuir a    guarda    da    menor    &#8230;&#8230;&#8230;.    Ao    Requerente &#8230;&#8230;&#8230;&#8230;&#8230;&#8230;.., o qual efetivamente vem lhe prestando alimentos, vestuário, educação escolar, como se fosse sua filha.</p>
<p>          O Requerente-varão é funcionário do Banco &#8230;&#8230;&#8230;, em exercício, juntando declaração firmada pelo Gerente    da    Agência do Banco &#8230;&#8230;&#8230;&#8230;., e mais dois funcionários, datada de &#8230;            De &#8230;&#8230;&#8230;&#8230; De &#8230;., quanto à sua idoneidade moral e financeira, para que possa pleitear a guarda da referida menor.</p>
<p>          E, para que o requerente-varão possa incluir a menor referida como sua dependente, seja perante a Previdência Social, seja perante o Banco &#8230;&#8230;&#8230;&#8230;, é estritamente necessário que haja outorga judicial da guarda ora pleiteada.</p>
<p>          A Lei nº 8.069/90 (ECA) cuida das condições para se deferir a guarda de menor, nos artigos 33, 34 e 35.</p>
<p>          </p>
<p>          É o requerente sabedor de que a guarda implica a obrigação de prestação de assistência material, moral e educacional do menor, passando este a ser seu dependente econômico, inclusive para os fins previdenciários, conforme dispõe o § 3º, do artigo 33 da Lei nº 8.069/90.</p>
<p>          O Requerente-varão informa não ter vínculo de parentesco com a menor, sendo certo que esta tem os pais, como referido, e foi registrada sob nº &#8230;&#8230;., em data de &#8230;/&#8230;/&#8230;., no Cartório de Registro Civil da Sede da Comarca de &#8230;&#8230;&#8230;&#8230;&#8230;&#8230;. &#8211; &#8230; (doc. Junto), atestando a sua idoneidade com o documento junto, assinado por três pessoas idôneas, que informaram estar o requerente- varão trabalhando normalmente, portanto, com saúde física e mental perfeitas.</p>
<p>          Pelos fatos expostos, com a expressa concordância da mãe da menor, aqui também requerente, requerem que, ouvido o DD. Representante do Ministério Público, seja a final deferida ao Requerente &#8230;&#8230;&#8230;&#8230;&#8230;&#8230;.. A guarda da menor &#8230;&#8230;&#8230;&#8230;&#8230;., tudo consoante as normas legais invocadas e outras aplicáveis à espécie.</p>
<p>Com os documentos juntos e, se necessário, protestando por outras provas.</p>
<p>Nestes termos,</p>
<p>Pede deferimento.</p>
<p>[Local] [data]</p>
<p>__________________________________</p>
<p>[Nome Advogado] &#8211; [OAB] [UF].</p>
