{"id":12035,"date":"2023-07-14T11:35:49","date_gmt":"2023-07-14T11:35:49","guid":{"rendered":"https:\/\/easyjur.com\/blog\/?post_type=modelos-de-peticao&#038;p=3650"},"modified":"2023-07-14T11:35:49","modified_gmt":"2023-07-14T11:35:49","slug":"eis-um-exemplo-de-titulo-para-o-modelo-de-peticao-modelo-de-estatuto-social-para-constituicao-de-sociedade-anonima","status":"publish","type":"modelos-de-peticao","link":"https:\/\/easyjur.com\/blog\/modelos-de-peticao\/eis-um-exemplo-de-titulo-para-o-modelo-de-peticao-modelo-de-estatuto-social-para-constituicao-de-sociedade-anonima\/","title":{"rendered":"[MODELO] Eis um exemplo de t\u00edtulo para o modelo de peti\u00e7\u00e3o: &#8220;Modelo de Estatuto Social para Constitui\u00e7\u00e3o de Sociedade An\u00f4nima&#8221;"},"content":{"rendered":"<p><a href=\"Tabelaci.doc\">Voltar<\/a><\/p>\n<p>Cap\u00edtulo I<\/p>\n<p>Denomina\u00e7\u00e3o, Sede, Fins e Dura\u00e7\u00e3o<\/p>\n<p>Art. 1\u00ba &#8211; Sob a denomina\u00e7\u00e3o &quot;&#8230;&#8230;&#8230;&#8230;&#8230;&#8230;&#8230;&#8230;&#8230;.&quot;, fica constitu\u00edda uma sociedade an\u00f4nima que se reger\u00e1 presentes estatutos e disposi\u00e7\u00f5es legais, que lhe forem aplic\u00e1veis.<\/p>\n<p>Art. 2\u00ba &#8211; O objetivo da sociedade \u00e9 &#8230;&#8230;&#8230;&#8230;&#8230;&#8230;&#8230;&#8230;&#8230;&#8230;&#8230;&#8230;&#8230;&#8230;&#8230;&#8230;&#8230;&#8230;&#8230;&#8230;&#8230;&#8230;<\/p>\n<p>Art. 3\u00ba &#8211; A sociedade tem sede na cidade de &#8230;&#8230;&#8230;&#8230;&#8230;&#8230;&#8230;. Estado de &#8230;&#8230;&#8230;&#8230;&#8230;&#8230;&#8230;&#8230;&#8230;, e durar\u00e1 &#8230;&#8230;&#8230;&#8230;&#8230;&#8230;.anos, a contar de &#8230;&#8230;&#8230; podendo ser prorrogado por delibera\u00e7\u00e3o da Assembl\u00e9ia Geral dos acionistas.<\/p>\n<p>Cap\u00edtulo II<\/p>\n<p>Capital e A\u00e7\u00f5es<\/p>\n<p>Art. 8\u00ba &#8211; O capital social, todo ele realizado, \u00e9 dividido em &#8230;&#8230;&#8230;&#8230;&#8230;&#8230; a\u00e7\u00f5es ordin\u00e1rias, no valor nominal de &#8230;&#8230;&#8230;&#8230;&#8230;&#8230;.. cada uma.<\/p>\n<p>Art. 5\u00ba &#8211; Cada a\u00e7\u00e3o d\u00e1 direito a um voto nas delibera\u00e7\u00f5es da Assembl\u00e9ia Geral.<\/p>\n<p>Cap\u00edtulo III<\/p>\n<p>Diretoria<\/p>\n<p>Art. 6\u00ba &#8211; A sociedade ser\u00e1 administrada por um diretor com a designa\u00e7\u00e3o de presidente, acionista ou n\u00e3o, mas residente no pa\u00eds.<\/p>\n<p>Art. 7\u00ba &#8211; O Diretor-Presidente ser\u00e1 eleito pela Assembl\u00e9ia Geral, pelo prazo de &#8230;&#8230;&#8230;. anos, podendo ser reeleito.<\/p>\n<p>Art. 8\u00ba &#8211; O Diretor-Presidente prestar\u00e1 a cau\u00e7\u00e3o de &#8230;&#8230;&#8230;&#8230;. a\u00e7\u00f5es da sociedade, em garantia de sua gest\u00e3o, ficando investido no cargo.<\/p>\n<p>Par\u00e1grafo primeiro &#8211; Qualquer acionista poder\u00e1 prestar a cau\u00e7\u00e3o, no caso de n\u00e3o ser o Diretor-Presidente acionista.<\/p>\n<p>Par\u00e1grafo segundo &#8211; Em caso de vaga, o Conselho Fiscal escolher\u00e1 o Diretor substituto, que servir\u00e1 at\u00e9 a primeira Assembl\u00e9ia Geral Ordin\u00e1ria, \u00e0 qual competir\u00e1 escolher o substituto definitivo.<\/p>\n<p>Art. 9\u00ba &#8211; O Diretor-Presidente tem as atribui\u00e7\u00f5es e os poderes que a lei lhe confere, a fim de garantir o funcionamento da sociedade e represent\u00e1-la, ativa e passivamente, em ju\u00edzo ou fora dele.<\/p>\n<p>Art. 10 &#8211; Compete \u00e0 Assembl\u00e9ia Geral fixar os honor\u00e1rios e as gratifica\u00e7\u00f5es do Diretor-Presidente.<\/p>\n<p>Cap\u00edtulo IV<\/p>\n<p>Conselho Fiscal<\/p>\n<p>Art. 11 &#8211; O Conselho Fiscal ser\u00e1 composto de &#8230;.. membros efetivos e suplentes em igual n\u00famero, residentes no pa\u00eds, eleitos anualmente pela Assembl\u00e9ia Geral Ordin\u00e1ria, podendo ser reeleitos.<\/p>\n<p>Par\u00e1grafo primeiro &#8211; O Conselho Fiscal tem as atribui\u00e7\u00f5es e os poderes que a lei lhe confere.<\/p>\n<p>Par\u00e1grafo segundo &#8211; A remunera\u00e7\u00e3o dos membros do Conselho Fiscal ser\u00e1 fixada pela Assembl\u00e9ia Geral que os eleger.<\/p>\n<p>Cap\u00edtulo V<\/p>\n<p>Assembl\u00e9ia Geral<\/p>\n<p>Art. 12 &#8211; A Assembl\u00e9ia Geral reunir-se-\u00e1, ordinariamente, nos primeiros meses, ap\u00f3s o t\u00e9rmino do exerc\u00edcio social e, extraordinariamente, sempre que os interesses sociais exigirem o pronunciamento dos acionistas.<\/p>\n<p>Par\u00e1grafo \u00fanico &#8211; O Presidente da Assembl\u00e9ia Geral ser\u00e1 o Diretor-Presidente da sociedade.<\/p>\n<p>Para compor a mesa, que dirigir\u00e1 os trabalhos da Assembl\u00e9ia, o Presidente convidar\u00e1 um ou dois acionistas, entre os presentes, para servir de secret\u00e1rios.<\/p>\n<p>Art. 13 &#8211; A convoca\u00e7\u00e3o da Assembl\u00e9ia Geral far-se-\u00e1 por an\u00fancios publicados pela imprensa, como manda a lei, e deles dever\u00e3o constar a ordem do dia, ainda que sumariamente, e o dia, a hora e o local da reuni\u00e3o.<\/p>\n<p>Cap\u00edtulo VI<\/p>\n<p>Exerc\u00edcio Social<\/p>\n<p>Art. 18 &#8211; O exerc\u00edcio social termina em 31 de dezembro de cada ano.<\/p>\n<p>Art. 15 &#8211; No fim de cada exerc\u00edcio, proceder-se-\u00e1 ao levantamento do invent\u00e1rio e do balan\u00e7o geral, com observ\u00e2ncia das prescri\u00e7\u00f5es legais e do lucro l\u00edquido verificado, ap\u00f3s as devidas amortiza\u00e7\u00f5es, ser\u00e1 deduzida a percentagem de &#8230;&#8230;&#8230;&#8230;&#8230;&#8230; (&#8230;&#8230;&#8230;&#8230;..), para constitui\u00e7\u00e3o do fundo de reserva legal, at\u00e9 alcan\u00e7ar &#8230;&#8230;&#8230;&#8230;&#8230;.. (&#8230;&#8230;&#8230;&#8230;&#8230;&#8230;&#8230;&#8230;&#8230;&#8230;&#8230;&#8230;&#8230;..) do capital social.<\/p>\n<p>O saldo fica \u00e0 disposi\u00e7\u00e3o da Assembl\u00e9ia Geral, que fixar\u00e1 o dividendo, por proposta do Diretor-Presidente e ouvido o Conselho Fiscal.<\/p>\n<p>Art. 16 &#8211; Os dividendos n\u00e3o reclamados dentro de &#8230;&#8230;&#8230;&#8230;&#8230; anos, a contar da Data do edital de seu pagamento, prescrever\u00e3o a favor da sociedade.<\/p>\n<p>&#8230;&#8230;&#8230;&#8230;&#8230;&#8230;&#8230;&#8230;, &#8230;&#8230;. de &#8230;&#8230;&#8230;&#8230;&#8230;&#8230;.. de 20&#8230;..<\/p>\n<p>Acionistas Fundadores<\/p>\n<p>&#8230;&#8230;&#8230;&#8230;&#8230;&#8230;&#8230;&#8230;&#8230;&#8230;&#8230;&#8230;&#8230;&#8230;&#8230;&#8230;&#8230;&#8230;..<\/p>\n<p>&#8230;&#8230;&#8230;&#8230;&#8230;&#8230;&#8230;&#8230;&#8230;&#8230;&#8230;&#8230;&#8230;&#8230;&#8230;&#8230;&#8230;&#8230;..<\/p>\n<p>&#8230;&#8230;&#8230;&#8230;&#8230;&#8230;&#8230;&#8230;&#8230;&#8230;&#8230;&#8230;&#8230;&#8230;&#8230;&#8230;&#8230;&#8230;..<\/p>\n<p>&#8230;&#8230;&#8230;&#8230;&#8230;&#8230;&#8230;&#8230;&#8230;&#8230;&#8230;&#8230;&#8230;&#8230;&#8230;&#8230;&#8230;&#8230;..<\/p>\n","protected":false},"featured_media":0,"parent":0,"menu_order":0,"template":"","meta":{"content-type":""},"categoria-modelo":[525],"class_list":["post-12035","modelos-de-peticao","type-modelos-de-peticao","status-publish","hentry","categoria-modelo-civil"],"_links":{"self":[{"href":"https:\/\/easyjur.com\/blog\/wp-json\/wp\/v2\/modelos-de-peticao\/12035","targetHints":{"allow":["GET"]}}],"collection":[{"href":"https:\/\/easyjur.com\/blog\/wp-json\/wp\/v2\/modelos-de-peticao"}],"about":[{"href":"https:\/\/easyjur.com\/blog\/wp-json\/wp\/v2\/types\/modelos-de-peticao"}],"wp:attachment":[{"href":"https:\/\/easyjur.com\/blog\/wp-json\/wp\/v2\/media?parent=12035"}],"wp:term":[{"taxonomy":"categoria-modelo","embeddable":true,"href":"https:\/\/easyjur.com\/blog\/wp-json\/wp\/v2\/categoria-modelo?post=12035"}],"curies":[{"name":"wp","href":"https:\/\/api.w.org\/{rel}","templated":true}]}}

[MODELO] Eis um exemplo de título para o modelo de petição: &#8220;Modelo de Estatuto Social para Constituição de Sociedade Anônima&#8221;

<p><a href="Tabelaci.doc">Voltar</a></p>
<p>Capítulo I</p>
<p>Denominação, Sede, Fins e Duração</p>
<p>Art. 1º &#8211; Sob a denominação &quot;&#8230;&#8230;&#8230;&#8230;&#8230;&#8230;&#8230;&#8230;&#8230;.&quot;, fica constituída uma sociedade anônima que se regerá presentes estatutos e disposições legais, que lhe forem aplicáveis.</p>
<p>Art. 2º &#8211; O objetivo da sociedade é &#8230;&#8230;&#8230;&#8230;&#8230;&#8230;&#8230;&#8230;&#8230;&#8230;&#8230;&#8230;&#8230;&#8230;&#8230;&#8230;&#8230;&#8230;&#8230;&#8230;&#8230;&#8230;</p>
<p>Art. 3º &#8211; A sociedade tem sede na cidade de &#8230;&#8230;&#8230;&#8230;&#8230;&#8230;&#8230;. Estado de &#8230;&#8230;&#8230;&#8230;&#8230;&#8230;&#8230;&#8230;&#8230;, e durará &#8230;&#8230;&#8230;&#8230;&#8230;&#8230;.anos, a contar de &#8230;&#8230;&#8230; podendo ser prorrogado por deliberação da Assembléia Geral dos acionistas.</p>
<p>Capítulo II</p>
<p>Capital e Ações</p>
<p>Art. 8º &#8211; O capital social, todo ele realizado, é dividido em &#8230;&#8230;&#8230;&#8230;&#8230;&#8230; ações ordinárias, no valor nominal de &#8230;&#8230;&#8230;&#8230;&#8230;&#8230;.. cada uma.</p>
<p>Art. 5º &#8211; Cada ação dá direito a um voto nas deliberações da Assembléia Geral.</p>
<p>Capítulo III</p>
<p>Diretoria</p>
<p>Art. 6º &#8211; A sociedade será administrada por um diretor com a designação de presidente, acionista ou não, mas residente no país.</p>
<p>Art. 7º &#8211; O Diretor-Presidente será eleito pela Assembléia Geral, pelo prazo de &#8230;&#8230;&#8230;. anos, podendo ser reeleito.</p>
<p>Art. 8º &#8211; O Diretor-Presidente prestará a caução de &#8230;&#8230;&#8230;&#8230;. ações da sociedade, em garantia de sua gestão, ficando investido no cargo.</p>
<p>Parágrafo primeiro &#8211; Qualquer acionista poderá prestar a caução, no caso de não ser o Diretor-Presidente acionista.</p>
<p>Parágrafo segundo &#8211; Em caso de vaga, o Conselho Fiscal escolherá o Diretor substituto, que servirá até a primeira Assembléia Geral Ordinária, à qual competirá escolher o substituto definitivo.</p>
<p>Art. 9º &#8211; O Diretor-Presidente tem as atribuições e os poderes que a lei lhe confere, a fim de garantir o funcionamento da sociedade e representá-la, ativa e passivamente, em juízo ou fora dele.</p>
<p>Art. 10 &#8211; Compete à Assembléia Geral fixar os honorários e as gratificações do Diretor-Presidente.</p>
<p>Capítulo IV</p>
<p>Conselho Fiscal</p>
<p>Art. 11 &#8211; O Conselho Fiscal será composto de &#8230;.. membros efetivos e suplentes em igual número, residentes no país, eleitos anualmente pela Assembléia Geral Ordinária, podendo ser reeleitos.</p>
<p>Parágrafo primeiro &#8211; O Conselho Fiscal tem as atribuições e os poderes que a lei lhe confere.</p>
<p>Parágrafo segundo &#8211; A remuneração dos membros do Conselho Fiscal será fixada pela Assembléia Geral que os eleger.</p>
<p>Capítulo V</p>
<p>Assembléia Geral</p>
<p>Art. 12 &#8211; A Assembléia Geral reunir-se-á, ordinariamente, nos primeiros meses, após o término do exercício social e, extraordinariamente, sempre que os interesses sociais exigirem o pronunciamento dos acionistas.</p>
<p>Parágrafo único &#8211; O Presidente da Assembléia Geral será o Diretor-Presidente da sociedade.</p>
<p>Para compor a mesa, que dirigirá os trabalhos da Assembléia, o Presidente convidará um ou dois acionistas, entre os presentes, para servir de secretários.</p>
<p>Art. 13 &#8211; A convocação da Assembléia Geral far-se-á por anúncios publicados pela imprensa, como manda a lei, e deles deverão constar a ordem do dia, ainda que sumariamente, e o dia, a hora e o local da reunião.</p>
<p>Capítulo VI</p>
<p>Exercício Social</p>
<p>Art. 18 &#8211; O exercício social termina em 31 de dezembro de cada ano.</p>
<p>Art. 15 &#8211; No fim de cada exercício, proceder-se-á ao levantamento do inventário e do balanço geral, com observância das prescrições legais e do lucro líquido verificado, após as devidas amortizações, será deduzida a percentagem de &#8230;&#8230;&#8230;&#8230;&#8230;&#8230; (&#8230;&#8230;&#8230;&#8230;..), para constituição do fundo de reserva legal, até alcançar &#8230;&#8230;&#8230;&#8230;&#8230;.. (&#8230;&#8230;&#8230;&#8230;&#8230;&#8230;&#8230;&#8230;&#8230;&#8230;&#8230;&#8230;&#8230;..) do capital social.</p>
<p>O saldo fica à disposição da Assembléia Geral, que fixará o dividendo, por proposta do Diretor-Presidente e ouvido o Conselho Fiscal.</p>
<p>Art. 16 &#8211; Os dividendos não reclamados dentro de &#8230;&#8230;&#8230;&#8230;&#8230; anos, a contar da Data do edital de seu pagamento, prescreverão a favor da sociedade.</p>
<p>&#8230;&#8230;&#8230;&#8230;&#8230;&#8230;&#8230;&#8230;, &#8230;&#8230;. de &#8230;&#8230;&#8230;&#8230;&#8230;&#8230;.. de 20&#8230;..</p>
<p>Acionistas Fundadores</p>
<p>&#8230;&#8230;&#8230;&#8230;&#8230;&#8230;&#8230;&#8230;&#8230;&#8230;&#8230;&#8230;&#8230;&#8230;&#8230;&#8230;&#8230;&#8230;..</p>
<p>&#8230;&#8230;&#8230;&#8230;&#8230;&#8230;&#8230;&#8230;&#8230;&#8230;&#8230;&#8230;&#8230;&#8230;&#8230;&#8230;&#8230;&#8230;..</p>
<p>&#8230;&#8230;&#8230;&#8230;&#8230;&#8230;&#8230;&#8230;&#8230;&#8230;&#8230;&#8230;&#8230;&#8230;&#8230;&#8230;&#8230;&#8230;..</p>
<p>&#8230;&#8230;&#8230;&#8230;&#8230;&#8230;&#8230;&#8230;&#8230;&#8230;&#8230;&#8230;&#8230;&#8230;&#8230;&#8230;&#8230;&#8230;..</p>
