{"id":823,"date":"2022-06-13T15:38:59","date_gmt":"2022-06-13T18:38:59","guid":{"rendered":"https:\/\/easyjur.com\/blog\/?post_type=capitulos&#038;p=823"},"modified":"2024-10-01T14:32:08","modified_gmt":"2024-10-01T17:32:08","slug":"capitulo-iv-da-conversao-da-acao-individual-em-acao-coletiva","status":"publish","type":"capitulos","link":"https:\/\/easyjur.com\/blog\/capitulos\/capitulo-iv-da-conversao-da-acao-individual-em-acao-coletiva\/","title":{"rendered":"CAP\u00cdTULO IV \u2013 DA CONVERS\u00c3O DA A\u00c7\u00c3O INDIVIDUAL EM A\u00c7\u00c3O COLETIVA"},"content":{"rendered":"<h2>Cap\u00edtulo IV \u2013 Da Convers\u00e3o da A\u00e7\u00e3o Individual em A\u00e7\u00e3o Coletiva (art. 333 do Novo CPC)<\/h2>\n<div class=\"wp-block-ugb-divider ugb-divider\">\n<hr align=\"center\" \/>\n<\/div>\n<div class=\"td-post-content\">\n<p><strong>Art. 333<\/strong>.\u00a0<strong>\u00a0(VETADO).<\/strong><\/p>\n<\/div>\n","protected":false},"template":"","class_list":["post-823","capitulos","type-capitulos","status-publish","hentry"],"_links":{"self":[{"href":"https:\/\/easyjur.com\/blog\/wp-json\/wp\/v2\/capitulos\/823","targetHints":{"allow":["GET"]}}],"collection":[{"href":"https:\/\/easyjur.com\/blog\/wp-json\/wp\/v2\/capitulos"}],"about":[{"href":"https:\/\/easyjur.com\/blog\/wp-json\/wp\/v2\/types\/capitulos"}],"wp:attachment":[{"href":"https:\/\/easyjur.com\/blog\/wp-json\/wp\/v2\/media?parent=823"}],"curies":[{"name":"wp","href":"https:\/\/api.w.org\/{rel}","templated":true}]}}

CAPÍTULO IV – DA CONVERSÃO DA AÇÃO INDIVIDUAL EM AÇÃO COLETIVA

<h2>Capítulo IV – Da Conversão da Ação Individual em Ação Coletiva (art. 333 do Novo CPC)</h2>
<div class="wp-block-ugb-divider ugb-divider">
<hr align="center" />
</div>
<div class="td-post-content">
<p><strong>Art. 333</strong>. <strong> (VETADO).</strong></p>
</div>
